{"id":29,"date":"2023-11-11T11:59:58","date_gmt":"2023-11-11T11:59:58","guid":{"rendered":"https:\/\/caitaonhacuhanoi.com\/?page_id=29"},"modified":"2023-11-14T06:36:46","modified_gmt":"2023-11-14T06:36:46","slug":"lien-he","status":"publish","type":"page","link":"https:\/\/caitaonhacuhanoi.com\/?page_id=29","title":{"rendered":"Li\u00ean h\u1ec7"},"content":{"rendered":"\n<div class=\"row\"  id=\"row-929609840\">\n\n\n\t<div id=\"col-921613510\" class=\"col medium-4 small-12 large-4\"  >\n\t\t\t\t<div class=\"col-inner\"  >\n\t\t\t\n\t\t\t\n\n<div class=\"row row-collapse row-full-width align-middle\"  id=\"row-896033524\">\n\n\n\t<div id=\"col-1160029974\" class=\"col medium-6 small-12 large-6\"  >\n\t\t\t\t<div class=\"col-inner\" style=\"max-width:520px;\" >\n\t\t\t\n\t\t\t\n\n\t<div id=\"text-3509885323\" class=\"text\">\n\t\t\n\n<p>Fanpage:<br \/>\nC\u1ea3i T\u1ea1o Nh\u00e0 C\u0169 H\u00e0 N\u1ed9i<\/p>\n\t\t\n<style>\n#text-3509885323 {\n  font-size: 1rem;\n}\n<\/style>\n\t<\/div>\n\t\n\n\t\t<\/div>\n\t\t\t\t\n<style>\n#col-1160029974 > .col-inner {\n  padding: 5% 5% 5% 5%;\n}\n<\/style>\n\t<\/div>\n\n\t\n\n\t<div id=\"col-1578431302\" class=\"col medium-6 small-12 large-6\"  >\n\t\t\t\t<div class=\"col-inner\"  >\n\t\t\t\n\t\t\t\n\n\t<div class=\"img has-hover x md-x lg-x y md-y lg-y\" id=\"image_1099619127\">\n\t\t<a class=\"\" href=\"https:\/\/www.facebook.com\/CaitaonhacuHaNoi\" target=\"_blank\" rel=\"noopener noreferrer\" >\t\t\t\t\t\t<div class=\"img-inner dark\" >\n\t\t\t<img loading=\"lazy\" decoding=\"async\" width=\"1020\" height=\"1020\" src=\"https:\/\/caitaonhacuhanoi.com\/wp-content\/uploads\/2023\/11\/logo-fb-1024x1024.png\" class=\"attachment-large size-large\" alt=\"\" srcset=\"https:\/\/caitaonhacuhanoi.com\/wp-content\/uploads\/2023\/11\/logo-fb-1024x1024.png 1024w, https:\/\/caitaonhacuhanoi.com\/wp-content\/uploads\/2023\/11\/logo-fb-300x300.png 300w, https:\/\/caitaonhacuhanoi.com\/wp-content\/uploads\/2023\/11\/logo-fb-150x150.png 150w, https:\/\/caitaonhacuhanoi.com\/wp-content\/uploads\/2023\/11\/logo-fb-768x768.png 768w, https:\/\/caitaonhacuhanoi.com\/wp-content\/uploads\/2023\/11\/logo-fb-1536x1536.png 1536w, https:\/\/caitaonhacuhanoi.com\/wp-content\/uploads\/2023\/11\/logo-fb.png 2039w\" sizes=\"auto, (max-width: 1020px) 100vw, 1020px\" \/>\t\t\t\t\t\t\n\t\t\t\t\t<\/div>\n\t\t\t\t\t\t<\/a>\t\t\n<style>\n#image_1099619127 {\n  width: 50%;\n}\n<\/style>\n\t<\/div>\n\t\n\n\n\t\t<\/div>\n\t\t\t\t\t<\/div>\n\n\t\n\n<\/div>\n\n\t\t<\/div>\n\t\t\t\t\t<\/div>\n\n\t\n\n\t<div id=\"col-737365778\" class=\"col medium-4 small-12 large-4\"  >\n\t\t\t\t<div class=\"col-inner\"  >\n\t\t\t\n\t\t\t\n\n<div class=\"row row-collapse row-full-width align-middle\"  id=\"row-15673567\">\n\n\n\t<div id=\"col-1332746602\" class=\"col medium-6 small-12 large-6\"  >\n\t\t\t\t<div class=\"col-inner\" style=\"max-width:520px;\" >\n\t\t\t\n\t\t\t\n\n\t<div id=\"text-3740058400\" class=\"text\">\n\t\t\n\n<p>ZALO:<br \/>\n09 6663 5553<\/p>\n\n\t\t\n<style>\n#text-3740058400 {\n  font-size: 1rem;\n}\n<\/style>\n\t<\/div>\n\t\n\n\t\t<\/div>\n\t\t\t\t\n<style>\n#col-1332746602 > .col-inner {\n  padding: 5% 5% 5% 5%;\n}\n<\/style>\n\t<\/div>\n\n\t\n\n\t<div id=\"col-129598187\" class=\"col medium-6 small-12 large-6\"  >\n\t\t\t\t<div class=\"col-inner\"  >\n\t\t\t\n\t\t\t\n\n\t<div class=\"img has-hover x md-x lg-x y md-y lg-y\" id=\"image_1499684350\">\n\t\t<a class=\"\" href=\"https:\/\/zalo.me\/0966635553\" target=\"_blank\" rel=\"noopener noreferrer\" >\t\t\t\t\t\t<div class=\"img-inner dark\" >\n\t\t\t<img loading=\"lazy\" decoding=\"async\" width=\"1020\" height=\"1020\" src=\"https:\/\/caitaonhacuhanoi.com\/wp-content\/uploads\/2023\/11\/logozalo-1024x1024.png\" class=\"attachment-large size-large\" alt=\"\" srcset=\"https:\/\/caitaonhacuhanoi.com\/wp-content\/uploads\/2023\/11\/logozalo-1024x1024.png 1024w, https:\/\/caitaonhacuhanoi.com\/wp-content\/uploads\/2023\/11\/logozalo-300x300.png 300w, https:\/\/caitaonhacuhanoi.com\/wp-content\/uploads\/2023\/11\/logozalo-150x150.png 150w, https:\/\/caitaonhacuhanoi.com\/wp-content\/uploads\/2023\/11\/logozalo-768x768.png 768w, https:\/\/caitaonhacuhanoi.com\/wp-content\/uploads\/2023\/11\/logozalo-1536x1536.png 1536w, https:\/\/caitaonhacuhanoi.com\/wp-content\/uploads\/2023\/11\/logozalo.png 2039w\" sizes=\"auto, (max-width: 1020px) 100vw, 1020px\" \/>\t\t\t\t\t\t\n\t\t\t\t\t<\/div>\n\t\t\t\t\t\t<\/a>\t\t\n<style>\n#image_1499684350 {\n  width: 50%;\n}\n<\/style>\n\t<\/div>\n\t\n\n\n\t\t<\/div>\n\t\t\t\t\t<\/div>\n\n\t\n\n<\/div>\n\n\t\t<\/div>\n\t\t\t\t\t<\/div>\n\n\t\n\n\t<div id=\"col-160286541\" class=\"col medium-4 small-12 large-4\"  >\n\t\t\t\t<div class=\"col-inner\"  >\n\t\t\t\n\t\t\t\n\n<div class=\"row row-collapse row-full-width align-middle\"  id=\"row-821816660\">\n\n\n\t<div id=\"col-750294941\" class=\"col medium-6 small-12 large-6\"  >\n\t\t\t\t<div class=\"col-inner\" style=\"max-width:520px;\" >\n\t\t\t\n\t\t\t\n\n\t<div id=\"text-3754360968\" class=\"text\">\n\t\t\n\n<p>Hotline:<br \/>\n09 6663 5553<\/p>\n\t\t\n<style>\n#text-3754360968 {\n  font-size: 1rem;\n}\n<\/style>\n\t<\/div>\n\t\n\n\t\t<\/div>\n\t\t\t\t\n<style>\n#col-750294941 > .col-inner {\n  padding: 5% 5% 5% 5%;\n}\n<\/style>\n\t<\/div>\n\n\t\n\n\t<div id=\"col-1940366915\" class=\"col medium-6 small-12 large-6\"  >\n\t\t\t\t<div class=\"col-inner\"  >\n\t\t\t\n\t\t\t\n\n\t<div class=\"img has-hover x md-x lg-x y md-y lg-y\" id=\"image_1157308407\">\n\t\t<a class=\"\" href=\"tel:0966635553\" target=\"_blank\" rel=\"noopener noreferrer\" >\t\t\t\t\t\t<div class=\"img-inner dark\" >\n\t\t\t<img loading=\"lazy\" decoding=\"async\" width=\"1020\" height=\"1020\" src=\"https:\/\/caitaonhacuhanoi.com\/wp-content\/uploads\/2023\/11\/hotline--1024x1024.png\" class=\"attachment-large size-large\" alt=\"\" srcset=\"https:\/\/caitaonhacuhanoi.com\/wp-content\/uploads\/2023\/11\/hotline--1024x1024.png 1024w, https:\/\/caitaonhacuhanoi.com\/wp-content\/uploads\/2023\/11\/hotline--300x300.png 300w, https:\/\/caitaonhacuhanoi.com\/wp-content\/uploads\/2023\/11\/hotline--150x150.png 150w, https:\/\/caitaonhacuhanoi.com\/wp-content\/uploads\/2023\/11\/hotline--768x768.png 768w, https:\/\/caitaonhacuhanoi.com\/wp-content\/uploads\/2023\/11\/hotline--1536x1536.png 1536w, https:\/\/caitaonhacuhanoi.com\/wp-content\/uploads\/2023\/11\/hotline-.png 2039w\" sizes=\"auto, (max-width: 1020px) 100vw, 1020px\" \/>\t\t\t\t\t\t\n\t\t\t\t\t<\/div>\n\t\t\t\t\t\t<\/a>\t\t\n<style>\n#image_1157308407 {\n  width: 50%;\n}\n<\/style>\n\t<\/div>\n\t\n\n\n\t\t<\/div>\n\t\t\t\t\t<\/div>\n\n\t\n\n<\/div>\n\n\t\t<\/div>\n\t\t\t\t\t<\/div>\n\n\t\n\n<\/div>\n\n","protected":false},"excerpt":{"rendered":"","protected":false},"author":1,"featured_media":0,"parent":0,"menu_order":0,"comment_status":"closed","ping_status":"closed","template":"","meta":{"footnotes":""},"class_list":["post-29","page","type-page","status-publish","hentry"],"_links":{"self":[{"href":"https:\/\/caitaonhacuhanoi.com\/index.php?rest_route=\/wp\/v2\/pages\/29","targetHints":{"allow":["GET"]}}],"collection":[{"href":"https:\/\/caitaonhacuhanoi.com\/index.php?rest_route=\/wp\/v2\/pages"}],"about":[{"href":"https:\/\/caitaonhacuhanoi.com\/index.php?rest_route=\/wp\/v2\/types\/page"}],"author":[{"embeddable":true,"href":"https:\/\/caitaonhacuhanoi.com\/index.php?rest_route=\/wp\/v2\/users\/1"}],"replies":[{"embeddable":true,"href":"https:\/\/caitaonhacuhanoi.com\/index.php?rest_route=%2Fwp%2Fv2%2Fcomments&post=29"}],"version-history":[{"count":4,"href":"https:\/\/caitaonhacuhanoi.com\/index.php?rest_route=\/wp\/v2\/pages\/29\/revisions"}],"predecessor-version":[{"id":198,"href":"https:\/\/caitaonhacuhanoi.com\/index.php?rest_route=\/wp\/v2\/pages\/29\/revisions\/198"}],"wp:attachment":[{"href":"https:\/\/caitaonhacuhanoi.com\/index.php?rest_route=%2Fwp%2Fv2%2Fmedia&parent=29"}],"curies":[{"name":"wp","href":"https:\/\/api.w.org\/{rel}","templated":true}]}}